{"id":137,"date":"2020-09-18T11:29:51","date_gmt":"2020-09-18T09:29:51","guid":{"rendered":"https:\/\/bolgermany.de\/home\/gbol3\/?page_id=137"},"modified":"2020-09-18T11:29:51","modified_gmt":"2020-09-18T09:29:51","slug":"impressum","status":"publish","type":"page","link":"https:\/\/gbol.bolgermany.de\/gbol3\/de\/impressum\/","title":{"rendered":"Impressum"},"content":{"rendered":"\n<p>Herausgeber<br>Zoologisches Forschungsmuseum Alexander Koenig<br>\u2013 Leibniz-Institut f\u00fcr Biodiversit\u00e4t der Tiere \u2013<br>Stiftung des \u00f6ffentlichen Rechts<\/p>\n\n\n\n<p>Direktor: Prof. Dr. Bernhard Misof<br>Stiftungsratsvorsitzender: Dr. Michael H. Wappelhorst<br>Sitz: Bonn<\/p>\n\n\n\n<p>Adenauerallee 160<br>53113 Bonn, Deutschland<br>Tel.: ++49 (0)228 \/ 9122 255<br>Internet: <a href=\"https:\/\/www.zfmk.de\">https:\/\/www.zfmk.de<\/a><br>USt-ID: DE308022782<\/p>\n\n\n\n<p>Das in dieser Webseite vorgestellte Vorhaben wird mit Mitteln des Bundesministeriums f\u00fcr Bildung und Forschung (<a href=\"https:\/\/www.bmbf.de\">www.bmbf.de<\/a>) als Forschung f\u00fcr Nachhaltige Entwicklung (FONA) gef\u00f6rdert. Die Verantwortung f\u00fcr den Inhalt dieser Ver\u00f6ffentlichung liegt bei den Autoren.<\/p>\n","protected":false},"excerpt":{"rendered":"<p>HerausgeberZoologisches Forschungsmuseum Alexander Koenig\u2013 Leibniz-Institut f\u00fcr Biodiversit\u00e4t der Tiere \u2013Stiftung des \u00f6ffentlichen Rechts Direktor: Prof. Dr. Bernhard MisofStiftungsratsvorsitzender: Dr. Michael H. WappelhorstSitz: Bonn Adenauerallee 16053113 Bonn, DeutschlandTel.: ++49 (0)228 \/ 9122 255Internet: https:\/\/www.zfmk.deUSt-ID: DE308022782 Das in dieser Webseite vorgestellte Vorhaben wird mit Mitteln des Bundesministeriums f\u00fcr Bildung und Forschung (www.bmbf.de) als Forschung f\u00fcr Nachhaltige Entwicklung [&hellip;]<\/p>\n","protected":false},"author":1,"featured_media":0,"parent":0,"menu_order":0,"comment_status":"closed","ping_status":"closed","template":"","meta":{"footnotes":""},"class_list":["post-137","page","type-page","status-publish","hentry"],"_links":{"self":[{"href":"https:\/\/gbol.bolgermany.de\/gbol3\/wp-json\/wp\/v2\/pages\/137","targetHints":{"allow":["GET"]}}],"collection":[{"href":"https:\/\/gbol.bolgermany.de\/gbol3\/wp-json\/wp\/v2\/pages"}],"about":[{"href":"https:\/\/gbol.bolgermany.de\/gbol3\/wp-json\/wp\/v2\/types\/page"}],"author":[{"embeddable":true,"href":"https:\/\/gbol.bolgermany.de\/gbol3\/wp-json\/wp\/v2\/users\/1"}],"replies":[{"embeddable":true,"href":"https:\/\/gbol.bolgermany.de\/gbol3\/wp-json\/wp\/v2\/comments?post=137"}],"version-history":[{"count":1,"href":"https:\/\/gbol.bolgermany.de\/gbol3\/wp-json\/wp\/v2\/pages\/137\/revisions"}],"predecessor-version":[{"id":138,"href":"https:\/\/gbol.bolgermany.de\/gbol3\/wp-json\/wp\/v2\/pages\/137\/revisions\/138"}],"wp:attachment":[{"href":"https:\/\/gbol.bolgermany.de\/gbol3\/wp-json\/wp\/v2\/media?parent=137"}],"curies":[{"name":"wp","href":"https:\/\/api.w.org\/{rel}","templated":true}]}}